{"id":4081,"date":"2018-04-30T21:28:23","date_gmt":"2018-04-30T21:28:23","guid":{"rendered":"http:\/\/maendigsmusik.de\/?page_id=4081"},"modified":"2023-01-17T20:17:42","modified_gmt":"2023-01-17T20:17:42","slug":"bilder-2","status":"publish","type":"page","link":"http:\/\/maendigsmusik.de\/?page_id=4081","title":{"rendered":"Tour Daten"},"content":{"rendered":"<div  class=\"tatsu-fqvdyd8fwt7h1nyj tatsu-section  tatsu-fullscreen   tatsu-clearfix\" data-title=\"\"  data-headerscheme=\"background--dark\"><div class=\"tatsu-fullscreen-wrap\"><div class='tatsu-section-pad clearfix' data-padding='{\"d\":\"120px 0px 120px 0px \"}' data-padding-top='120px'><div class=\"tatsu-row-wrap  tatsu-wrap tatsu-row-one-col tatsu-row-has-one-cols tatsu-medium-gutter tatsu-reg-cols  tatsu-clearfix tatsu-fqvdyd8fxuebmyg1\" ><div  class=\"tatsu-row \" ><div  class=\"tatsu-column  tatsu-column-no-bg tatsu-one-col tatsu-column-image-none tatsu-column-effect-none  tatsu-fqvdyd8fy7au28q\"  data-parallax-speed=\"0\" style=\"\"><div class=\"tatsu-column-inner \" ><div class=\"tatsu-column-pad-wrap\"><div class=\"tatsu-column-pad\" ><div  class=\"tatsu-module tatsu-inline-text clearfix tatsu-fqvdyd8fyl25ycsk   \" ><style>.tatsu-fqvdyd8fyl25ycsk .tatsu-inline-text-inner{width: 100%;text-align: left;}<\/style><div class=\"tatsu-inline-text-inner tatsu-align-center\">\n<h1 style=\"text-align: center;\"><span style=\"color: #ffffff;\">TOUR DATEN<\/span><\/h1>\n<\/div><\/div><div  class=\"tatsu-empty-space  tatsu-fqvdyd8gc92xeobn  \" ><style>.tatsu-fqvdyd8gc92xeobn.tatsu-empty-space{height: 325px;}<\/style><\/div><\/div><\/div><div class = \"tatsu-column-bg-image-wrap\"><div class = \"tatsu-column-bg-image\" ><\/div><\/div><\/div><style>.tatsu-row > .tatsu-fqvdyd8fy7au28q.tatsu-column{width: 100%;}.tatsu-fqvdyd8fy7au28q.tatsu-column > .tatsu-column-inner > .tatsu-column-overlay{mix-blend-mode: none;}.tatsu-fqvdyd8fy7au28q > .tatsu-column-inner > .tatsu-top-divider{z-index: 9999;}.tatsu-fqvdyd8fy7au28q > .tatsu-column-inner > .tatsu-bottom-divider{z-index: 9999;}.tatsu-fqvdyd8fy7au28q > .tatsu-column-inner > .tatsu-left-divider{z-index: 9999;}.tatsu-fqvdyd8fy7au28q > .tatsu-column-inner > .tatsu-right-divider{z-index: 9999;}<\/style><\/div><\/div><\/div><div class=\"tatsu-row-wrap  tatsu-wrap tatsu-row-one-col tatsu-row-has-one-cols tatsu-medium-gutter tatsu-reg-cols  tatsu-clearfix tatsu-fqvdyd8gde7a3x8m\" ><div  class=\"tatsu-row \" ><div  class=\"tatsu-column  tatsu-column-no-bg tatsu-column-empty tatsu-one-col tatsu-column-image-none tatsu-column-effect-none  tatsu-fqvdyd8gdm49n5vu\"  data-parallax-speed=\"0\" style=\"\"><div class=\"tatsu-column-inner \" ><div class=\"tatsu-column-pad-wrap\"><div class=\"tatsu-column-pad\" ><\/div><\/div><div class = \"tatsu-column-bg-image-wrap\"><div class = \"tatsu-column-bg-image\" ><\/div><\/div><\/div><style>.tatsu-row > .tatsu-fqvdyd8gdm49n5vu.tatsu-column{width: 100%;}.tatsu-fqvdyd8gdm49n5vu.tatsu-column > .tatsu-column-inner > .tatsu-column-overlay{mix-blend-mode: none;}.tatsu-fqvdyd8gdm49n5vu > .tatsu-column-inner > .tatsu-top-divider{z-index: 9999;}.tatsu-fqvdyd8gdm49n5vu > .tatsu-column-inner > .tatsu-bottom-divider{z-index: 9999;}.tatsu-fqvdyd8gdm49n5vu > .tatsu-column-inner > .tatsu-left-divider{z-index: 9999;}.tatsu-fqvdyd8gdm49n5vu > .tatsu-column-inner > .tatsu-right-divider{z-index: 9999;}<\/style><\/div><\/div><\/div><\/div><div class=\"tatsu-section-background-wrap\"><div class = \"tatsu-section-background\" ><\/div><\/div><\/div><style>.tatsu-fqvdyd8fwt7h1nyj .tatsu-section-background{background-image: url(http:\/\/maendigsmusik.de\/wp-content\/uploads\/2018\/05\/TOUR_DATEN_komprimiert.jpg);background-repeat: no-repeat;background-attachment: scroll;background-position: center center;background-size: cover;}.tatsu-fqvdyd8fwt7h1nyj .tatsu-bg-blur{background-repeat: no-repeat;background-attachment: scroll;background-position: center center;background-size: cover;}.tatsu-fqvdyd8fwt7h1nyj .tatsu-section-pad{padding: 120px 0px 120px 0px ;}.tatsu-fqvdyd8fwt7h1nyj > .tatsu-bottom-divider{z-index: 9999;}.tatsu-fqvdyd8fwt7h1nyj > .tatsu-top-divider{z-index: 9999;}.tatsu-fqvdyd8fwt7h1nyj .tatsu-fullscreen-wrap{align-items: center;}<\/style><\/div><div  class=\"tatsu-fqvdyd8ge2f6orbs tatsu-section    tatsu-clearfix\" data-title=\"\"  data-headerscheme=\"background--dark\"><div class='tatsu-section-pad clearfix' data-padding='{\"d\":\"90px 0px 90px 0px\"}' data-padding-top='90px'><div class=\"tatsu-row-wrap  tatsu-wrap tatsu-row-one-col tatsu-row-has-one-cols tatsu-medium-gutter tatsu-reg-cols  tatsu-clearfix tatsu-fqvdyd8ged843pdt\" ><div  class=\"tatsu-row \" ><div  class=\"tatsu-column  tatsu-column-no-bg tatsu-one-col tatsu-column-image-none tatsu-column-effect-none  tatsu-fqvdyd8gej1f24bd\"  data-parallax-speed=\"0\" style=\"\"><div class=\"tatsu-column-inner \" ><div class=\"tatsu-column-pad-wrap\"><div class=\"tatsu-column-pad\" ><div  class=\"special-heading-wrap style3  tatsu-fqvdyd8gewf43dft oshine-module 1   \" ><div class=\"caption-wrap top-caption\"><h6 class=\"caption \">M\u00e4ndig's Musik<span class=\"caption-inner\"><\/span><\/h6><\/div><div class=\"special-heading align-center\"><h3 class=\"special-h-tag\">TOUR Daten<\/h3><\/div><div class=\"caption-wrap bottom-caption\"><h6 class=\"caption special-subtitle\">weil Musik immer eine Reise Wert ist<span class=\"caption-inner\"><\/span><\/h6><\/div><style>.tatsu-fqvdyd8gewf43dft .top-caption h6{color: #757575 ;}.tatsu-fqvdyd8gewf43dft .bottom-caption h6{color: #757575 ;font-size: 18px;}.tatsu-fqvdyd8gewf43dft.special-heading-wrap.style3 .top-caption .caption .caption-inner{background: #efefef;}.tatsu-fqvdyd8gewf43dft.special-heading-wrap.style3 .bottom-caption .caption .caption-inner{background: #efefef;}<\/style><\/div><div  class=\"tatsu-empty-space  tatsu-fqvdyd8ggaelbxk3  \" ><style>.tatsu-fqvdyd8ggaelbxk3.tatsu-empty-space{height: 75px;}<\/style><\/div><div  class=\"tatsu-module tatsu-text-block-wrap tatsu-fqvdyd8gh53h9pyy  \"><div class=\"tatsu-text-inner tatsu-align-center  clearfix\" ><style>.tatsu-fqvdyd8gh53h9pyy.tatsu-text-block-wrap .tatsu-text-inner{width: 100%;text-align: left;}<\/style>\n<p>Nachfolgend zeigen wir Euch wo uns die Reise in den kommenden Wochen und Monaten hinf\u00fchrt. Wir w\u00fcrden uns freuen Euch auf einem der Auftritte als Zuh\u00f6rer zu treffen. Seid Ihr selbst Veranstalter eines Events und sucht nach einer stimmungsvollen und auffrischenden Unterhaltungseinlage dann fragt uns an.<\/p>\n<\/div><\/div><div  class=\"tatsu-empty-space  tatsu-fqvdyd8gi134szpe  \" ><style>.tatsu-fqvdyd8gi134szpe.tatsu-empty-space{height: 75px;}<\/style><\/div><div  class=\"process-style1 oshine-module  tatsu-fqvdyd8giw2dz8ia   \"  data-col=\"1\" ><style>.tatsu-fqvdyd8giw2dz8ia .process-sep{background: #efefef;}<\/style><div  class=\"process-col  tatsu-0dc5a7a3-3347-4e0e-9965-d6ee85181048 align-center  \" ><i class=\"font-icon icon-sound\" ><\/i><div class=\"process-info\">\n<h6>14.01.2023<\/h6>\n<p>Hexenball Unterharmers-bach<\/p>\n<\/div><div class=\"process-sep\" style=\"top: 22px;\"><\/div><style>.tatsu-0dc5a7a3-3347-4e0e-9965-d6ee85181048.process-col .font-icon{color: #e0a240 ;font-size: 45px;}<\/style><\/div><div  class=\"process-col  tatsu-ByDfOC7MN align-center  \" ><i class=\"font-icon icon-arrow_carrot-2right_alt2\" ><\/i><div class=\"process-info\">\n<h6>28.01.2023<\/h6>\n<p>H\u00e4str\u00e4ger-treffen Oberharmers-bach<\/p>\n<\/div><div class=\"process-sep\" style=\"top: 22px;\"><\/div><style>.tatsu-ByDfOC7MN.process-col .font-icon{color: #2293D7 ;font-size: 45px;}<\/style><\/div><div  class=\"process-col  tatsu-f7b97b87-fd42-4365-aa6f-10aabac8e3c3 align-center  \" ><i class=\"font-icon icon-checkmark\" ><\/i><div class=\"process-info\">\n<h6>4.-5.2.2023<\/h6>\n<p>Narrentreffen Sigmaringen<\/p>\n<\/div><div class=\"process-sep\" style=\"top: 22px;\"><\/div><style>.tatsu-f7b97b87-fd42-4365-aa6f-10aabac8e3c3.process-col .font-icon{color: #e0a240 ;font-size: 45px;}<\/style><\/div><div  class=\"process-col  tatsu-2337edbe-920d-4f93-a54e-5efa9e381435 align-center  \" ><i class=\"font-icon icon-calendar2\" ><\/i><div class=\"process-info\">\n<h6>10.02.2023<\/h6>\n<p>Hexennacht Hausach<\/p>\n<\/div><div class=\"process-sep\" style=\"top: 22px;\"><\/div><style>.tatsu-2337edbe-920d-4f93-a54e-5efa9e381435.process-col .font-icon{color: #e0a240 ;font-size: 45px;}<\/style><\/div><div  class=\"process-col  tatsu-7e985264-3519-4c0b-aa60-4591c2939f5f align-center  \" ><i class=\"font-icon icon-bolt\" ><\/i><div class=\"process-info\">\n<h6>11.02.2023<\/h6>\n<p>Entersbacher Abend<\/p>\n<\/div><div class=\"process-sep\" style=\"top: 22px;\"><\/div><style>.tatsu-7e985264-3519-4c0b-aa60-4591c2939f5f.process-col .font-icon{color: #e0a240 ;font-size: 45px;}<\/style><\/div><div  class=\"process-col  tatsu-a7588251-9fd7-47c2-a844-9d323c6524e1 align-center  \" ><i class=\"font-icon icon-star\" ><\/i><div class=\"process-info\">\n<h6>12.02.2023<\/h6>\n<p>Fasendumzug Seelbach<\/p>\n<\/div><div class=\"process-sep\" style=\"top: 22px;\"><\/div><style>.tatsu-a7588251-9fd7-47c2-a844-9d323c6524e1.process-col .font-icon{color: #e0a240 ;font-size: 45px;}<\/style><\/div><div  class=\"process-col  tatsu-1b50099c-3c18-4fe3-8f16-158203452ee4 align-center  \" ><i class=\"font-icon icon-cone\" ><\/i><div class=\"process-info\">\n<h6>18.02.2023<\/h6>\n<p>Fasendumzug Biberach<\/p>\n<\/div><div class=\"process-sep\" style=\"top: 22px;\"><\/div><style>.tatsu-1b50099c-3c18-4fe3-8f16-158203452ee4.process-col .font-icon{color: #e0a240 ;font-size: 45px;}<\/style><\/div><div  class=\"process-col  tatsu-7693169b-3b7b-4775-b420-0baf627847b5 align-center  \" ><i class=\"font-icon icon-googleplay\" ><\/i><div class=\"process-info\">\n<h6>20.02.2023<\/h6>\n<p>Fasendumzug Nordrach<\/p>\n<\/div><div class=\"process-sep\" style=\"top: 22px;\"><\/div><style>.tatsu-7693169b-3b7b-4775-b420-0baf627847b5.process-col .font-icon{color: #e0a240 ;font-size: 45px;}<\/style><\/div><\/div><\/div><\/div><div class = \"tatsu-column-bg-image-wrap\"><div class = \"tatsu-column-bg-image\" ><\/div><\/div><\/div><style>.tatsu-row > .tatsu-fqvdyd8gej1f24bd.tatsu-column{width: 100%;}.tatsu-fqvdyd8gej1f24bd.tatsu-column > .tatsu-column-inner > .tatsu-column-overlay{mix-blend-mode: none;}.tatsu-fqvdyd8gej1f24bd > .tatsu-column-inner > .tatsu-top-divider{z-index: 9999;}.tatsu-fqvdyd8gej1f24bd > .tatsu-column-inner > .tatsu-bottom-divider{z-index: 9999;}.tatsu-fqvdyd8gej1f24bd > .tatsu-column-inner > .tatsu-left-divider{z-index: 9999;}.tatsu-fqvdyd8gej1f24bd > .tatsu-column-inner > .tatsu-right-divider{z-index: 9999;}<\/style><\/div><\/div><\/div><\/div><div class=\"tatsu-section-background-wrap\"><div class = \"tatsu-section-background\" ><\/div><\/div><style>.tatsu-fqvdyd8ge2f6orbs .tatsu-section-pad{padding: 90px 0px 90px 0px;}.tatsu-fqvdyd8ge2f6orbs > .tatsu-bottom-divider{z-index: 9999;}.tatsu-fqvdyd8ge2f6orbs > .tatsu-top-divider{z-index: 9999;}<\/style><\/div><div id=\"2\" class=\"tatsu-fqvdv6ilpq1fip1z tatsu-section    tatsu-clearfix\" data-title=\"\"  data-headerscheme=\"background--dark\"><div class='tatsu-section-pad clearfix' data-padding='{\"d\":\"90px 0px 90px 0px\"}' data-padding-top='90px'><div class=\"tatsu-row-wrap  tatsu-wrap tatsu-row-has-three-cols tatsu-medium-gutter tatsu-reg-cols  tatsu-clearfix tatsu-fqvdv6ilqbaf6pyg\" ><div  class=\"tatsu-row \" ><div  class=\"tatsu-column  tatsu-column-no-bg tatsu-one-third tatsu-column-image-none tatsu-column-effect-none  tatsu-fqvdv6ilql2ndneu\"  data-parallax-speed=\"0\" style=\"\"><div class=\"tatsu-column-inner \" ><div class=\"tatsu-column-pad-wrap\"><div class=\"tatsu-column-pad\" ><div  class=\"tatsu-module tatsu-normal-icon tatsu-icon-shortcode align-none tatsu-fqvdv6ilr25eazi7   \"><style>.tatsu-fqvdv6ilr25eazi7 .tatsu-icon{color: rgba(245,166,35,1) ;}.tatsu-fqvdv6ilr25eazi7{border-width: 0px 0px 0px 0px;}<\/style><a href=\"#\"  class=\"tatsu-icon-wrap plain  tatsu-animate    \" data-animation=\"fadeInDown\"   aria-label=\"icon-icon_contacts_alt\" data-gdpr-atts={}   ><i class=\"tatsu-icon tatsu-custom-icon tatsu-custom-icon-class icon-icon_contacts_alt large plain\"><\/i><\/a><\/div><div  class=\"tatsu-module tatsu-inline-text clearfix tatsu-fqvdv6ilt63c6g7z   \" ><style>.tatsu-fqvdv6ilt63c6g7z .tatsu-inline-text-inner{width: 100%;text-align: left;}.tatsu-fqvdv6ilt63c6g7z.tatsu-inline-text{margin: 0px 0px 0px 0px;}<\/style><div class=\"tatsu-inline-text-inner tatsu-align-center\">\n<h6 style=\"text-align: left;\">Kontakt<\/h6>\n<p style=\"text-align: left;\">Seid Ihr auf der Suche nach einer Guggenmusik f\u00fcr Eure Veranstaltung? Dann nutzt unsere Kontakt-Funktion und fragt unverbindlich an.<\/p>\n<\/div><\/div><\/div><\/div><div class = \"tatsu-column-bg-image-wrap\"><div class = \"tatsu-column-bg-image\" ><\/div><\/div><\/div><style>.tatsu-row > .tatsu-fqvdv6ilql2ndneu.tatsu-column{width: 33.33%;}.tatsu-fqvdv6ilql2ndneu.tatsu-column > .tatsu-column-inner > .tatsu-column-overlay{mix-blend-mode: none;}.tatsu-fqvdv6ilql2ndneu > .tatsu-column-inner > .tatsu-top-divider{z-index: 9999;}.tatsu-fqvdv6ilql2ndneu > .tatsu-column-inner > .tatsu-bottom-divider{z-index: 9999;}.tatsu-fqvdv6ilql2ndneu > .tatsu-column-inner > .tatsu-left-divider{z-index: 9999;}.tatsu-fqvdv6ilql2ndneu > .tatsu-column-inner > .tatsu-right-divider{z-index: 9999;}@media only screen and (max-width: 767px) {.tatsu-row > .tatsu-fqvdv6ilql2ndneu.tatsu-column{width: 100%;}}<\/style><\/div><div  class=\"tatsu-column  tatsu-column-no-bg tatsu-one-third tatsu-column-image-none tatsu-column-effect-none  tatsu-fqvdv6ilul96xzy1\"  data-parallax-speed=\"0\" style=\"\"><div class=\"tatsu-column-inner \" ><div class=\"tatsu-column-pad-wrap\"><div class=\"tatsu-column-pad\" ><div  class=\"tatsu-module tatsu-normal-icon tatsu-icon-shortcode align-none tatsu-fqvdv6ilv23g76ag   \"><style>.tatsu-fqvdv6ilv23g76ag .tatsu-icon{color: rgba(245,166,35,1) ;}.tatsu-fqvdv6ilv23g76ag{border-width: 0px 0px 0px 0px;}<\/style><a href=\"#\"  class=\"tatsu-icon-wrap plain  tatsu-animate    \" data-animation=\"fadeInDown\"   aria-label=\"icon-facebook\" data-gdpr-atts={}   ><i class=\"tatsu-icon tatsu-custom-icon tatsu-custom-icon-class icon-facebook large plain\"><\/i><\/a><\/div><div  class=\"tatsu-module tatsu-inline-text clearfix tatsu-fqvdv6ilwb3h7eyr   \" ><style>.tatsu-fqvdv6ilwb3h7eyr .tatsu-inline-text-inner{width: 100%;text-align: left;}.tatsu-fqvdv6ilwb3h7eyr.tatsu-inline-text{margin: 0px 0px 0px 0px;}<\/style><div class=\"tatsu-inline-text-inner tatsu-align-center\">\n<h6 style=\"text-align: left;\">Facebook<\/h6>\n<p style=\"text-align: left;\">Folgt uns auf facebook unter:<br \/>\n<a href=\"https:\/\/de-de.facebook.com\/maendigsmusik\/\">https:\/\/de-de.facebook.com\/maendigsmusik\/<\/a><\/p>\n<\/div><\/div><\/div><\/div><div class = \"tatsu-column-bg-image-wrap\"><div class = \"tatsu-column-bg-image\" ><\/div><\/div><\/div><style>.tatsu-row > .tatsu-fqvdv6ilul96xzy1.tatsu-column{width: 33.33%;}.tatsu-fqvdv6ilul96xzy1.tatsu-column > .tatsu-column-inner > .tatsu-column-overlay{mix-blend-mode: none;}.tatsu-fqvdv6ilul96xzy1 > .tatsu-column-inner > .tatsu-top-divider{z-index: 9999;}.tatsu-fqvdv6ilul96xzy1 > .tatsu-column-inner > .tatsu-bottom-divider{z-index: 9999;}.tatsu-fqvdv6ilul96xzy1 > .tatsu-column-inner > .tatsu-left-divider{z-index: 9999;}.tatsu-fqvdv6ilul96xzy1 > .tatsu-column-inner > .tatsu-right-divider{z-index: 9999;}@media only screen and (max-width: 767px) {.tatsu-row > .tatsu-fqvdv6ilul96xzy1.tatsu-column{width: 100%;}}<\/style><\/div><div  class=\"tatsu-column  tatsu-column-no-bg tatsu-one-third tatsu-column-image-none tatsu-column-effect-none  tatsu-fqvdv6ilxi9bmgkd\"  data-parallax-speed=\"0\" style=\"\"><div class=\"tatsu-column-inner \" ><div class=\"tatsu-column-pad-wrap\"><div class=\"tatsu-column-pad\" ><div  class=\"tatsu-module tatsu-normal-icon tatsu-icon-shortcode align-none tatsu-fqvdv6ilxy4lgdx4   \"><style>.tatsu-fqvdv6ilxy4lgdx4 .tatsu-icon{color: rgba(245,166,35,1) ;}.tatsu-fqvdv6ilxy4lgdx4{border-width: 0px 0px 0px 0px;}<\/style><a href=\"#\"  class=\"tatsu-icon-wrap plain  tatsu-animate    \" data-animation=\"fadeInDown\"   aria-label=\"icon-magnifying-glass\" data-gdpr-atts={}   ><i class=\"tatsu-icon tatsu-custom-icon tatsu-custom-icon-class icon-magnifying-glass large plain\"><\/i><\/a><\/div><div  class=\"tatsu-module tatsu-inline-text clearfix tatsu-fqvdv6ilze9ucv4j   \" ><style>.tatsu-fqvdv6ilze9ucv4j .tatsu-inline-text-inner{width: 100%;text-align: left;}.tatsu-fqvdv6ilze9ucv4j.tatsu-inline-text{margin: 0px 0px 0px 0px;}<\/style><div class=\"tatsu-inline-text-inner tatsu-align-center\">\n<h6 style=\"text-align: left;\">Impressum<\/h6>\n<p>Unter nachfolgendem Link findet Ihr alles rund um das Thema <a href=\"?page_id=4059\">Impressum und Datenschutz.<\/a><\/p>\n<\/div><\/div><\/div><\/div><div class = \"tatsu-column-bg-image-wrap\"><div class = \"tatsu-column-bg-image\" ><\/div><\/div><\/div><style>.tatsu-row > .tatsu-fqvdv6ilxi9bmgkd.tatsu-column{width: 33.33%;}.tatsu-fqvdv6ilxi9bmgkd.tatsu-column > .tatsu-column-inner > .tatsu-column-overlay{mix-blend-mode: none;}.tatsu-fqvdv6ilxi9bmgkd > .tatsu-column-inner > .tatsu-top-divider{z-index: 9999;}.tatsu-fqvdv6ilxi9bmgkd > .tatsu-column-inner > .tatsu-bottom-divider{z-index: 9999;}.tatsu-fqvdv6ilxi9bmgkd > .tatsu-column-inner > .tatsu-left-divider{z-index: 9999;}.tatsu-fqvdv6ilxi9bmgkd > .tatsu-column-inner > .tatsu-right-divider{z-index: 9999;}@media only screen and (max-width: 767px) {.tatsu-row > .tatsu-fqvdv6ilxi9bmgkd.tatsu-column{width: 100%;}}<\/style><\/div><\/div><\/div><\/div><div class=\"tatsu-section-background-wrap\"><div class = \"tatsu-section-background\" ><\/div><\/div><style>.tatsu-fqvdv6ilpq1fip1z.tatsu-section{background-color: rgba(239,239,239,1);}.tatsu-fqvdv6ilpq1fip1z .tatsu-section-pad{padding: 90px 0px 90px 0px;}.tatsu-fqvdv6ilpq1fip1z > .tatsu-bottom-divider{z-index: 9999;}.tatsu-fqvdv6ilpq1fip1z > .tatsu-top-divider{z-index: 9999;}<\/style><\/div>\n","protected":false},"excerpt":{"rendered":"<p><a href=\"http:\/\/maendigsmusik.de\/?page_id=4081\" class=\"more-link style1-button\">Weiterlesen<\/a><\/p>","protected":false},"author":1,"featured_media":0,"parent":0,"menu_order":0,"comment_status":"closed","ping_status":"closed","template":"","meta":[],"_links":{"self":[{"href":"http:\/\/maendigsmusik.de\/index.php?rest_route=\/wp\/v2\/pages\/4081"}],"collection":[{"href":"http:\/\/maendigsmusik.de\/index.php?rest_route=\/wp\/v2\/pages"}],"about":[{"href":"http:\/\/maendigsmusik.de\/index.php?rest_route=\/wp\/v2\/types\/page"}],"author":[{"embeddable":true,"href":"http:\/\/maendigsmusik.de\/index.php?rest_route=\/wp\/v2\/users\/1"}],"replies":[{"embeddable":true,"href":"http:\/\/maendigsmusik.de\/index.php?rest_route=%2Fwp%2Fv2%2Fcomments&post=4081"}],"version-history":[{"count":36,"href":"http:\/\/maendigsmusik.de\/index.php?rest_route=\/wp\/v2\/pages\/4081\/revisions"}],"predecessor-version":[{"id":4233,"href":"http:\/\/maendigsmusik.de\/index.php?rest_route=\/wp\/v2\/pages\/4081\/revisions\/4233"}],"wp:attachment":[{"href":"http:\/\/maendigsmusik.de\/index.php?rest_route=%2Fwp%2Fv2%2Fmedia&parent=4081"}],"curies":[{"name":"wp","href":"https:\/\/api.w.org\/{rel}","templated":true}]}}