{"id":3951,"date":"2018-04-01T18:13:23","date_gmt":"2018-04-01T18:13:23","guid":{"rendered":"http:\/\/maendigsmusik.de\/?page_id=3951"},"modified":"2018-05-18T21:44:02","modified_gmt":"2018-05-18T21:44:02","slug":"video","status":"publish","type":"page","link":"http:\/\/maendigsmusik.de\/?page_id=3951","title":{"rendered":"Video"},"content":{"rendered":"<div  class=\"tatsu-fq5sbb4zll9gyqeo tatsu-section  tatsu-fullscreen   tatsu-clearfix\" data-title=\"\"  data-headerscheme=\"background--dark\"><div class=\"tatsu-fullscreen-wrap\"><div class='tatsu-section-pad clearfix' data-padding='120px 0px 120px 0px ' data-padding-top='120px'><div class=\"tatsu-row-wrap  tatsu-wrap tatsu-row-one-col tatsu-row-has-one-cols tatsu-medium-gutter tatsu-reg-cols  tatsu-clearfix tatsu-fq5sbb4zmh9ux69h\" ><div  class=\"tatsu-row \" ><div  class=\"tatsu-column  tatsu-column-no-bg tatsu-one-col tatsu-column-image- tatsu-column-effect-  tatsu-fq5sbb4zmp7w6kb4\" data-animation=\"fadeIn\"   data-parallax-speed=\"0\" style=\"\"><div class=\"tatsu-column-inner \" ><div class=\"tatsu-column-pad-wrap\"><div class=\"tatsu-column-pad\" ><div  class=\"tatsu-module tatsu-inline-text clearfix tatsu-fq5sbb4zn3fg57d2   \" data-animation=\"fadeIn\"  ><style>.tatsu-fq5sbb4zn3fg57d2.tatsu-inline-text{margin: 0px 0px 30px 0px ;}.tatsu-fq5sbb4zn3fg57d2 .tatsu-inline-text-inner{width: 100%;}<\/style><div class=\"tatsu-inline-text-inner \">\n<h1 style=\"text-align: center;\"><span style=\"color: #ffffff;\">VIDEO<\/span><\/h1>\n<\/div><\/div><div  class=\"tatsu-empty-space  tatsu-fq5sbb50141nr9ec  \" ><style>.tatsu-fq5sbb50141nr9ec.tatsu-empty-space{height: 325px;}<\/style><\/div><\/div><\/div><div class = \"tatsu-column-bg-image-wrap\"><div class = \"tatsu-column-bg-image\" ><\/div><\/div><\/div><style>.tatsu-fq5sbb4zmp7w6kb4.tatsu-column > .tatsu-column-inner > .tatsu-column-pad-wrap > .tatsu-column-pad{padding: 0px 0px 0px 0px;}.tatsu-fq5sbb4zmp7w6kb4.tatsu-column > .tatsu-column-inner > .tatsu-column-overlay{mix-blend-mode: none;}.tatsu-fq5sbb4zmp7w6kb4 > .tatsu-column-inner > .tatsu-top-divider{z-index: 9999;}.tatsu-fq5sbb4zmp7w6kb4 > .tatsu-column-inner > .tatsu-bottom-divider{z-index: 9999;}.tatsu-fq5sbb4zmp7w6kb4 > .tatsu-column-inner > .tatsu-left-divider{z-index: 9999;}.tatsu-fq5sbb4zmp7w6kb4 > .tatsu-column-inner > .tatsu-right-divider{z-index: 9999;}.tatsu-fq5sbb4zmp7w6kb4.tatsu-column{transform: translate3d(0px,0px, 0);}<\/style><\/div><\/div><\/div><\/div><div class=\"tatsu-section-background-wrap\"><div class = \"tatsu-section-background\" ><\/div><\/div><\/div><style>.tatsu-fq5sbb4zll9gyqeo .tatsu-section-background{background-image: url(http:\/\/maendigsmusik.de\/wp-content\/uploads\/2018\/05\/Video_komprimiert.jpg);background-repeat: no-repeat;background-attachment: scroll;background-position: center center;background-size: cover;}.tatsu-fq5sbb4zll9gyqeo .tatsu-bg-blur{background-repeat: no-repeat;background-attachment: scroll;background-position: center center;background-size: cover;}.tatsu-fq5sbb4zll9gyqeo .tatsu-section-pad{padding: 120px 0px 120px 0px ;}.tatsu-fq5sbb4zll9gyqeo.tatsu-section{margin: 0px 0px 0px 0px;}.tatsu-fq5sbb4zll9gyqeo > .tatsu-bottom-divider{z-index: 9999;}.tatsu-fq5sbb4zll9gyqeo > .tatsu-top-divider{z-index: 9999;}<\/style><\/div><div  class=\"tatsu-fpxr3l97igd6n8ii tatsu-section    tatsu-clearfix\" data-title=\"\"  data-headerscheme=\"background--dark\"><div class='tatsu-section-pad clearfix' data-padding='90px 0px 90px 0px' data-padding-top='90px'><div class=\"tatsu-row-wrap  tatsu-wrap tatsu-row-one-col tatsu-row-has-one-cols tatsu-medium-gutter tatsu-reg-cols  tatsu-clearfix tatsu-fpxr3l97ir8fejzi\" ><div  class=\"tatsu-row \" ><div  class=\"tatsu-column  tatsu-column-no-bg tatsu-one-col tatsu-column-image- tatsu-column-effect-  tatsu-fpxr3l97ix61ddwm\" data-animation=\"fadeIn\"   data-parallax-speed=\"0\" style=\"\"><div class=\"tatsu-column-inner \" ><div class=\"tatsu-column-pad-wrap\"><div class=\"tatsu-column-pad\" ><div  class=\"tatsu-module tatsu-inline-text clearfix tatsu-fpxr3l97ja9opzv8   \" data-animation=\"fadeIn\"  ><style>.tatsu-fpxr3l97ja9opzv8.tatsu-inline-text{margin: 0px 0px 30px 0px;}.tatsu-fpxr3l97ja9opzv8 .tatsu-inline-text-inner{width: 100%;}<\/style><div class=\"tatsu-inline-text-inner \">\t\t\t<div class=\"yotu-playlist yotuwp yotu-limit-min   yotu-thumb-43  yotu-template-mix\" data-yotu=\"modal\" data-page=\"1\" id=\"yotuwp-69f5d321d09da\" data-total=\"3\" data-settings=\"eyJ0eXBlIjoicGxheWxpc3QiLCJpZCI6IlVVX1hESHkxU2ZDZDBkYTdMdWNHUndaUSIsInBhZ2luYXRpb24iOiJvbiIsInBhZ2l0eXBlIjoibG9hZG1vcmUiLCJjb2x1bW4iOiIyIiwicGVyX3BhZ2UiOiIxMiIsInRlbXBsYXRlIjoibWl4IiwidGl0bGUiOiJvbiIsImRlc2NyaXB0aW9uIjoib24iLCJ0aHVtYnJhdGlvIjoiNDMiLCJtZXRhIjoib2ZmIiwibWV0YV9kYXRhIjoib2ZmIiwibWV0YV9wb3NpdGlvbiI6Im9mZiIsImRhdGVfZm9ybWF0Ijoib2ZmIiwibWV0YV9hbGlnbiI6Im9mZiIsInN1YnNjcmliZSI6Im9mZiIsImR1cmF0aW9uIjoib2ZmIiwibWV0YV9pY29uIjoib2ZmIiwibmV4dHRleHQiOiIiLCJwcmV2dGV4dCI6IiIsImxvYWRtb3JldGV4dCI6IiIsInBsYXllciI6eyJtb2RlIjoicG9wdXAiLCJ3aWR0aCI6IjYwMCIsInNjcm9sbGluZyI6IjEwMCIsImF1dG9wbGF5IjowLCJjb250cm9scyI6MSwibW9kZXN0YnJhbmRpbmciOjEsImxvb3AiOjAsImF1dG9uZXh0IjowLCJzaG93aW5mbyI6MSwicmVsIjoxLCJwbGF5aW5nIjowLCJwbGF5aW5nX2Rlc2NyaXB0aW9uIjowLCJ0aHVtYm5haWxzIjowLCJjY19sb2FkX3BvbGljeSI6MCwiY2NfbGFuZ19wcmVmIjowLCJobCI6MCwiaXZfbG9hZF9wb2xpY3kiOjB9LCJsYXN0X3RhYiI6InNldHRpbmdzIiwidXNlX2FzX21vZGFsIjoib2ZmIiwibW9kYWxfaWQiOiJvZmYiLCJsYXN0X3VwZGF0ZSI6IiIsInN0eWxpbmciOnsicGFnZXJfbGF5b3V0IjoiYm90aHNpZGUiLCJidXR0b24iOiIxIiwiYnV0dG9uX2NvbG9yIjoiI2ZmZmZmZiIsImJ1dHRvbl9iZ19jb2xvciI6IiNlMGEyNDAiLCJidXR0b25fY29sb3JfaG92ZXIiOiIiLCJidXR0b25fYmdfY29sb3JfaG92ZXIiOiIiLCJ2aWRlb19zdHlsZSI6IiIsInBsYXlpY29uX2NvbG9yIjoiIiwiaG92ZXJfaWNvbiI6IiIsImdhbGxlcnlfYmciOiIifSwiZWZmZWN0cyI6eyJ2aWRlb19ib3giOiIiLCJmbGlwX2VmZmVjdCI6IiJ9LCJnYWxsZXJ5X2lkIjoiNjlmNWQzMjFkMDlkYSIsIm5leHQiOiJFQUFhSGxCVU9rTkJkMmxGUkdzMFRrVk5NVTlFVWtOTlJHY3lVVlZGTWxKRVNRIiwicHJldiI6IiJ9\" data-player=\"popup\" data-showdesc=\"on\">\n\t\t\t\t<div>\n\t\t\t\t\t<div class=\"yotu-videos yotu-mode-mix yotu-mode-grid yotu-column-2 yotu-player-mode-popup\">\n\t<ul>\n\t\t\t\t\t<li class=\" yotu-first\">\n\t\t\t\t\t\t\t\t<a href=\"#TbxIeYZQ1R4\" class=\"yotu-video\" data-videoid=\"TbxIeYZQ1R4\" data-title=\"SWR4 Blechduell 2015 M\u00e4ndigsMusik\">\n\t\t\t\t\t<div class=\"yotu-video-thumb-wrp\">\n\t\t\t\t\t\t<div>\n\t\t\t\t\t\t\t\t\t\t\t\t\t\t<img class=\"yotu-video-thumb\" src=\"https:\/\/i.ytimg.com\/vi\/TbxIeYZQ1R4\/hqdefault.jpg\" alt=\"SWR4 Blechduell 2015 M\u00e4ndigsMusik\"\/>\n\t\t\t\t\t\t\t\t\t\t\t\t\t<\/div>\n\t\t\t\t\t<\/div>\n\t\t\t\t\t\t\t\t\t\t\t<h3 class=\"yotu-video-title\">SWR4 Blechduell 2015 M\u00e4ndigsMusik<\/h3>\n\t\t\t\t\t\t\t\t\t\t\t\t\t\t\t\t\t\t\t\t\t<div class=\"yotu-video-description\">Hier unser Bewerbung f\u00fcrs SWR4 Blechduell 2015<\/div>\n\t\t\t\t\t\t\t\t\t<\/a>\n\t\t\t\t\t\t\t<\/li>\n\t\t\t\t\n\t\t\t\t\t\t<li class=\"\">\n\t\t\t\t\t\t\t\t<a href=\"#SykdoknyT00\" class=\"yotu-video\" data-videoid=\"SykdoknyT00\" data-title=\"Fasend 2015 - kleiner Dank an all unsere Fans\">\n\t\t\t\t\t<div class=\"yotu-video-thumb-wrp\">\n\t\t\t\t\t\t<div>\n\t\t\t\t\t\t\t\t\t\t\t\t\t\t<img class=\"yotu-video-thumb\" src=\"https:\/\/i.ytimg.com\/vi\/SykdoknyT00\/sddefault.jpg\" alt=\"Fasend 2015 - kleiner Dank an all unsere Fans\"\/>\n\t\t\t\t\t\t\t\t\t\t\t\t\t<\/div>\n\t\t\t\t\t<\/div>\n\t\t\t\t\t\t\t\t\t\t\t<h3 class=\"yotu-video-title\">Fasend 2015 - kleiner Dank an all unsere Fans<\/h3>\n\t\t\t\t\t\t\t\t\t\t\t\t\t\t\t\t\t\t\t\t\t<div class=\"yotu-video-description\">M\u00e4ndigsmusik pr\u00e4sentiert ein kleiner R\u00fcckblick auf unsere Fasend 2015<\/div>\n\t\t\t\t\t\t\t\t\t<\/a>\n\t\t\t\t\t\t\t<\/li>\n\t\t\t\t\n\t\t\t\t\t\t<li class=\"\">\n\t\t\t\t\t\t\t\t<a href=\"#EGL0vSw5mzs\" class=\"yotu-video\" data-videoid=\"EGL0vSw5mzs\" data-title=\"M\u00e4ndigsmusik - Westerland 2015\">\n\t\t\t\t\t<div class=\"yotu-video-thumb-wrp\">\n\t\t\t\t\t\t<div>\n\t\t\t\t\t\t\t\t\t\t\t\t\t\t<img class=\"yotu-video-thumb\" src=\"https:\/\/i.ytimg.com\/vi\/EGL0vSw5mzs\/sddefault.jpg\" alt=\"M\u00e4ndigsmusik - Westerland 2015\"\/>\n\t\t\t\t\t\t\t\t\t\t\t\t\t<\/div>\n\t\t\t\t\t<\/div>\n\t\t\t\t\t\t\t\t\t\t\t<h3 class=\"yotu-video-title\">M\u00e4ndigsmusik - Westerland 2015<\/h3>\n\t\t\t\t\t\t\t\t\t\t\t\t\t\t\t\t\t\t\t\t\t<div class=\"yotu-video-description\">M\u00e4ndigsmusik Live im B\u00fcrgerhaus in Seelbach, im Rahmen des Umzuges 2015<\/div>\n\t\t\t\t\t\t\t\t\t<\/a>\n\t\t\t\t\t\t\t<\/li>\n\t\t\t\t\n\t\t\t\t\t\t<li class=\"\">\n\t\t\t\t\t\t\t\t<a href=\"#p0vjL9B5vX0\" class=\"yotu-video\" data-videoid=\"p0vjL9B5vX0\" data-title=\"M\u00e4ndigsmusik - Joana 2015\">\n\t\t\t\t\t<div class=\"yotu-video-thumb-wrp\">\n\t\t\t\t\t\t<div>\n\t\t\t\t\t\t\t\t\t\t\t\t\t\t<img class=\"yotu-video-thumb\" src=\"https:\/\/i.ytimg.com\/vi\/p0vjL9B5vX0\/sddefault.jpg\" alt=\"M\u00e4ndigsmusik - Joana 2015\"\/>\n\t\t\t\t\t\t\t\t\t\t\t\t\t<\/div>\n\t\t\t\t\t<\/div>\n\t\t\t\t\t\t\t\t\t\t\t<h3 class=\"yotu-video-title\">M\u00e4ndigsmusik - Joana 2015<\/h3>\n\t\t\t\t\t\t\t\t\t\t\t\t\t\t\t\t\t\t\t\t\t<div class=\"yotu-video-description\">M\u00e4ndigsmusik Live im B\u00fcrgerhaus in Seelbach, im Rahmen des Umzuges 2015<\/div>\n\t\t\t\t\t\t\t\t\t<\/a>\n\t\t\t\t\t\t\t<\/li>\n\t\t\t\t\n\t\t\t\t\t\t<li class=\"\">\n\t\t\t\t\t\t\t\t<a href=\"#ONLpwPtHHlA\" class=\"yotu-video\" data-videoid=\"ONLpwPtHHlA\" data-title=\"Waldkirch 2015\">\n\t\t\t\t\t<div class=\"yotu-video-thumb-wrp\">\n\t\t\t\t\t\t<div>\n\t\t\t\t\t\t\t\t\t\t\t\t\t\t<img class=\"yotu-video-thumb\" src=\"https:\/\/i.ytimg.com\/vi\/ONLpwPtHHlA\/sddefault.jpg\" alt=\"Waldkirch 2015\"\/>\n\t\t\t\t\t\t\t\t\t\t\t\t\t<\/div>\n\t\t\t\t\t<\/div>\n\t\t\t\t\t\t\t\t\t\t\t<h3 class=\"yotu-video-title\">Waldkirch 2015<\/h3>\n\t\t\t\t\t\t\t\t\t\t\t\t\t\t\t\t\t\t\t\t\t<div class=\"yotu-video-description\">Live-Mitschnitt vom Narrentreffen am 31.01.2015 in Waldkirch<\/div>\n\t\t\t\t\t\t\t\t\t<\/a>\n\t\t\t\t\t\t\t<\/li>\n\t\t\t\t\n\t\t\t\t\t\t<li class=\"\">\n\t\t\t\t\t\t\t\t<a href=\"#-ZNILpl1cJ0\" class=\"yotu-video\" data-videoid=\"-ZNILpl1cJ0\" data-title=\"M\u00e4ndigsmusik 2013 Hier kommt Alex\">\n\t\t\t\t\t<div class=\"yotu-video-thumb-wrp\">\n\t\t\t\t\t\t<div>\n\t\t\t\t\t\t\t\t\t\t\t\t\t\t<img class=\"yotu-video-thumb\" src=\"https:\/\/i.ytimg.com\/vi\/-ZNILpl1cJ0\/sddefault.jpg\" alt=\"M\u00e4ndigsmusik 2013 Hier kommt Alex\"\/>\n\t\t\t\t\t\t\t\t\t\t\t\t\t<\/div>\n\t\t\t\t\t<\/div>\n\t\t\t\t\t\t\t\t\t\t\t<h3 class=\"yotu-video-title\">M\u00e4ndigsmusik 2013 Hier kommt Alex<\/h3>\n\t\t\t\t\t\t\t\t\t\t\t\t\t\t\t\t\t\t\t\t\t<div class=\"yotu-video-description\">M\u00e4ndigsmusik spielt \"HIER KOMMT ALEX\" live am Fasendsamstag in Biberach<\/div>\n\t\t\t\t\t\t\t\t\t<\/a>\n\t\t\t\t\t\t\t<\/li>\n\t\t\t\t\n\t\t\t\t\t\t<li class=\"\">\n\t\t\t\t\t\t\t\t<a href=\"#rAATZD6xuoM\" class=\"yotu-video\" data-videoid=\"rAATZD6xuoM\" data-title=\"M\u00e4ndigsmusik 2013 Ein Kompliment\">\n\t\t\t\t\t<div class=\"yotu-video-thumb-wrp\">\n\t\t\t\t\t\t<div>\n\t\t\t\t\t\t\t\t\t\t\t\t\t\t<img class=\"yotu-video-thumb\" src=\"https:\/\/i.ytimg.com\/vi\/rAATZD6xuoM\/sddefault.jpg\" alt=\"M\u00e4ndigsmusik 2013 Ein Kompliment\"\/>\n\t\t\t\t\t\t\t\t\t\t\t\t\t<\/div>\n\t\t\t\t\t<\/div>\n\t\t\t\t\t\t\t\t\t\t\t<h3 class=\"yotu-video-title\">M\u00e4ndigsmusik 2013 Ein Kompliment<\/h3>\n\t\t\t\t\t\t\t\t\t\t\t\t\t\t\t\t\t\t\t\t\t<div class=\"yotu-video-description\">M\u00e4ndigsmusik spielt \"EIN KOMPLIMENT\" live am Fasendsamstag in Biberach<\/div>\n\t\t\t\t\t\t\t\t\t<\/a>\n\t\t\t\t\t\t\t<\/li>\n\t\t\t\t\n\t\t\t\t\t\t<li class=\"\">\n\t\t\t\t\t\t\t\t<a href=\"#YDf9JpYSK4s\" class=\"yotu-video\" data-videoid=\"YDf9JpYSK4s\" data-title=\"M\u00e4ndigsmusik Narcotic 2012 Live in Dresden\">\n\t\t\t\t\t<div class=\"yotu-video-thumb-wrp\">\n\t\t\t\t\t\t<div>\n\t\t\t\t\t\t\t\t\t\t\t\t\t\t<img class=\"yotu-video-thumb\" src=\"https:\/\/i.ytimg.com\/vi\/YDf9JpYSK4s\/sddefault.jpg\" alt=\"M\u00e4ndigsmusik Narcotic 2012 Live in Dresden\"\/>\n\t\t\t\t\t\t\t\t\t\t\t\t\t<\/div>\n\t\t\t\t\t<\/div>\n\t\t\t\t\t\t\t\t\t\t\t<h3 class=\"yotu-video-title\">M\u00e4ndigsmusik Narcotic 2012 Live in Dresden<\/h3>\n\t\t\t\t\t\t\t\t\t\t\t\t\t\t\t\t\t\t\t\t\t<div class=\"yotu-video-description\">M\u00e4ndigsmusik spielt vor der Semperoper auf der Br\u00fchlschen Terasse.<\/div>\n\t\t\t\t\t\t\t\t\t<\/a>\n\t\t\t\t\t\t\t<\/li>\n\t\t\t\t\n\t\t\t\t\t\t<li class=\"\">\n\t\t\t\t\t\t\t\t<a href=\"#-c6x-4BpYog\" class=\"yotu-video\" data-videoid=\"-c6x-4BpYog\" data-title=\"M\u00e4ndigsmusik Schlagzeugsolo 2012 Live in Dresden\">\n\t\t\t\t\t<div class=\"yotu-video-thumb-wrp\">\n\t\t\t\t\t\t<div>\n\t\t\t\t\t\t\t\t\t\t\t\t\t\t<img class=\"yotu-video-thumb\" src=\"https:\/\/i.ytimg.com\/vi\/-c6x-4BpYog\/sddefault.jpg\" alt=\"M\u00e4ndigsmusik Schlagzeugsolo 2012 Live in Dresden\"\/>\n\t\t\t\t\t\t\t\t\t\t\t\t\t<\/div>\n\t\t\t\t\t<\/div>\n\t\t\t\t\t\t\t\t\t\t\t<h3 class=\"yotu-video-title\">M\u00e4ndigsmusik Schlagzeugsolo 2012 Live in Dresden<\/h3>\n\t\t\t\t\t\t\t\t\t\t\t\t\t\t\t\t\t\t\t\t\t<div class=\"yotu-video-description\">M\u00e4ndigsmusik spielt vor der Semperoper auf der Br\u00fchlschen Terasse.<\/div>\n\t\t\t\t\t\t\t\t\t<\/a>\n\t\t\t\t\t\t\t<\/li>\n\t\t\t\t\n\t\t\t\t\t\t<li class=\"\">\n\t\t\t\t\t\t\t\t<a href=\"#fX2CNxs3nWQ\" class=\"yotu-video\" data-videoid=\"fX2CNxs3nWQ\" data-title=\"M\u00e4ndigsmusik Hier kommt Alex 2012 Live in Dresden\">\n\t\t\t\t\t<div class=\"yotu-video-thumb-wrp\">\n\t\t\t\t\t\t<div>\n\t\t\t\t\t\t\t\t\t\t\t\t\t\t<img class=\"yotu-video-thumb\" src=\"https:\/\/i.ytimg.com\/vi\/fX2CNxs3nWQ\/sddefault.jpg\" alt=\"M\u00e4ndigsmusik Hier kommt Alex 2012 Live in Dresden\"\/>\n\t\t\t\t\t\t\t\t\t\t\t\t\t<\/div>\n\t\t\t\t\t<\/div>\n\t\t\t\t\t\t\t\t\t\t\t<h3 class=\"yotu-video-title\">M\u00e4ndigsmusik Hier kommt Alex 2012 Live in Dresden<\/h3>\n\t\t\t\t\t\t\t\t\t\t\t\t\t\t\t\t\t\t\t\t\t<div class=\"yotu-video-description\">M\u00e4ndigsmusik spielt vor der Semperoper auf der Br\u00fchlschen Terasse.<\/div>\n\t\t\t\t\t\t\t\t\t<\/a>\n\t\t\t\t\t\t\t<\/li>\n\t\t\t\t\n\t\t\t\t\t\t<li class=\"\">\n\t\t\t\t\t\t\t\t<a href=\"#Hmo2aw8NtHA\" class=\"yotu-video\" data-videoid=\"Hmo2aw8NtHA\" data-title=\"M\u00e4ndigsmusik Einen Stern 2012 Live in Dresden\">\n\t\t\t\t\t<div class=\"yotu-video-thumb-wrp\">\n\t\t\t\t\t\t<div>\n\t\t\t\t\t\t\t\t\t\t\t\t\t\t<img class=\"yotu-video-thumb\" src=\"https:\/\/i.ytimg.com\/vi\/Hmo2aw8NtHA\/sddefault.jpg\" alt=\"M\u00e4ndigsmusik Einen Stern 2012 Live in Dresden\"\/>\n\t\t\t\t\t\t\t\t\t\t\t\t\t<\/div>\n\t\t\t\t\t<\/div>\n\t\t\t\t\t\t\t\t\t\t\t<h3 class=\"yotu-video-title\">M\u00e4ndigsmusik Einen Stern 2012 Live in Dresden<\/h3>\n\t\t\t\t\t\t\t\t\t\t\t\t\t\t\t\t\t\t\t\t\t<div class=\"yotu-video-description\">M\u00e4ndigsmusik spielt vor der Semperoper auf der Br\u00fchlschen Terasse.<\/div>\n\t\t\t\t\t\t\t\t\t<\/a>\n\t\t\t\t\t\t\t<\/li>\n\t\t\t\t\n\t\t\t\t\t\t<li class=\"\">\n\t\t\t\t\t\t\t\t<a href=\"#l5bcec1O6lI\" class=\"yotu-video\" data-videoid=\"l5bcec1O6lI\" data-title=\"M\u00e4ndigsmusik Wahnsinn 2012 Live\">\n\t\t\t\t\t<div class=\"yotu-video-thumb-wrp\">\n\t\t\t\t\t\t<div>\n\t\t\t\t\t\t\t\t\t\t\t\t\t\t<img class=\"yotu-video-thumb\" src=\"https:\/\/i.ytimg.com\/vi\/l5bcec1O6lI\/sddefault.jpg\" alt=\"M\u00e4ndigsmusik Wahnsinn 2012 Live\"\/>\n\t\t\t\t\t\t\t\t\t\t\t\t\t<\/div>\n\t\t\t\t\t<\/div>\n\t\t\t\t\t\t\t\t\t\t\t<h3 class=\"yotu-video-title\">M\u00e4ndigsmusik Wahnsinn 2012 Live<\/h3>\n\t\t\t\t\t\t\t\t\t\t\t\t\t\t\t\t\t\t\t\t\t<div class=\"yotu-video-description\"><\/div>\n\t\t\t\t\t\t\t\t\t<\/a>\n\t\t\t\t\t\t\t<\/li>\n\t\t\t\t\n\t\t\t\t<\/ul>\n<\/div><div class=\"yotu-pagination\">\n\t<a href=\"#\" class=\"yotu-pagination-more yotu-button-prs yotu-button-prs-1\" data-page=\"more\">Mehr laden<\/a>\n<\/div>\n\t\t\t\t<\/div>\n\t\t\t<\/div>\n\t\t\t<br \/>\n<\/div><\/div><\/div><\/div><div class = \"tatsu-column-bg-image-wrap\"><div class = \"tatsu-column-bg-image\" ><\/div><\/div><\/div><style>.tatsu-fpxr3l97ix61ddwm.tatsu-column > .tatsu-column-inner > .tatsu-column-pad-wrap > .tatsu-column-pad{padding: 0px 0px 0px 0px;}.tatsu-fpxr3l97ix61ddwm.tatsu-column > .tatsu-column-inner > .tatsu-column-overlay{mix-blend-mode: none;}.tatsu-fpxr3l97ix61ddwm > .tatsu-column-inner > .tatsu-top-divider{z-index: 9999;}.tatsu-fpxr3l97ix61ddwm > .tatsu-column-inner > .tatsu-bottom-divider{z-index: 9999;}.tatsu-fpxr3l97ix61ddwm > .tatsu-column-inner > .tatsu-left-divider{z-index: 9999;}.tatsu-fpxr3l97ix61ddwm > .tatsu-column-inner > .tatsu-right-divider{z-index: 9999;}.tatsu-fpxr3l97ix61ddwm.tatsu-column{transform: translate3d(0px,0px, 0);}<\/style><\/div><\/div><\/div><\/div><div class=\"tatsu-section-background-wrap\"><div class = \"tatsu-section-background\" ><\/div><\/div><style>.tatsu-fpxr3l97igd6n8ii .tatsu-section-pad{padding: 90px 0px 90px 0px;}.tatsu-fpxr3l97igd6n8ii.tatsu-section{margin: 0px 0px 0px 0px;}.tatsu-fpxr3l97igd6n8ii > .tatsu-bottom-divider{z-index: 9999;}.tatsu-fpxr3l97igd6n8ii > .tatsu-top-divider{z-index: 9999;}<\/style><\/div><div id=\"2\" class=\"tatsu-fqvdui6o2qfq2rbk tatsu-section    tatsu-clearfix\" data-title=\"\"  data-headerscheme=\"background--dark\"><div class='tatsu-section-pad clearfix' data-padding='90px 0px 90px 0px' data-padding-top='90px'><div class=\"tatsu-row-wrap  tatsu-wrap tatsu-row-has-three-cols tatsu-medium-gutter tatsu-reg-cols  tatsu-clearfix tatsu-fqvdui6o3mbds2x6\" ><div  class=\"tatsu-row \" ><div  class=\"tatsu-column  tatsu-column-no-bg tatsu-one-third tatsu-column-image- tatsu-column-effect-  tatsu-fqvdui6o3w70wqnq\" data-animation=\"fadeIn\"   data-parallax-speed=\"0\" style=\"\"><div class=\"tatsu-column-inner \" ><div class=\"tatsu-column-pad-wrap\"><div class=\"tatsu-column-pad\" ><div  class=\"tatsu-module tatsu-normal-icon tatsu-icon-shortcode align-none tatsu-fqvdui6o4bcgdihh   \"><style>.tatsu-fqvdui6o4bcgdihh .tatsu-icon{color: rgba(245,166,35,1) ;}<\/style><a href=\"#\"  class=\"tatsu-icon-wrap plain  tatsu-animate    \" data-animation=\"fadeInDown\"   aria-label=\"icon-icon_contacts_alt\" data-gdpr-atts={}   ><i class=\"tatsu-icon tatsu-custom-icon tatsu-custom-icon-class icon-icon_contacts_alt large plain\"><\/i><\/a><\/div><div  class=\"tatsu-module tatsu-inline-text clearfix tatsu-fqvdui6o637ljcaf   \" data-animation=\"fadeIn\"  ><style>.tatsu-fqvdui6o637ljcaf.tatsu-inline-text{margin: 0px 0px 0px 0px;}.tatsu-fqvdui6o637ljcaf .tatsu-inline-text-inner{width: 100%;}<\/style><div class=\"tatsu-inline-text-inner \">\n<h6 style=\"text-align: left;\">Kontakt<\/h6>\n<p style=\"text-align: left;\">Seid Ihr auf der Suche nach einer Guggenmusik f\u00fcr Eure Veranstaltung? Dann nutzt unsere Kontakt-Funktion und fragt unverbindlich an.<\/p>\n<\/div><\/div><\/div><\/div><div class = \"tatsu-column-bg-image-wrap\"><div class = \"tatsu-column-bg-image\" ><\/div><\/div><\/div><style>.tatsu-fqvdui6o3w70wqnq.tatsu-column > .tatsu-column-inner > .tatsu-column-pad-wrap > .tatsu-column-pad{padding: 0px 0px 0px 0px;}.tatsu-fqvdui6o3w70wqnq.tatsu-column > .tatsu-column-inner > .tatsu-column-overlay{mix-blend-mode: none;}.tatsu-fqvdui6o3w70wqnq > .tatsu-column-inner > .tatsu-top-divider{z-index: 9999;}.tatsu-fqvdui6o3w70wqnq > .tatsu-column-inner > .tatsu-bottom-divider{z-index: 9999;}.tatsu-fqvdui6o3w70wqnq > .tatsu-column-inner > .tatsu-left-divider{z-index: 9999;}.tatsu-fqvdui6o3w70wqnq > .tatsu-column-inner > .tatsu-right-divider{z-index: 9999;}.tatsu-fqvdui6o3w70wqnq.tatsu-column{transform: translate3d(0px,0px, 0);}<\/style><\/div><div  class=\"tatsu-column  tatsu-column-no-bg tatsu-one-third tatsu-column-image- tatsu-column-effect-  tatsu-fqvdui6o79adajjg\" data-animation=\"fadeIn\"   data-parallax-speed=\"0\" style=\"\"><div class=\"tatsu-column-inner \" ><div class=\"tatsu-column-pad-wrap\"><div class=\"tatsu-column-pad\" ><div  class=\"tatsu-module tatsu-normal-icon tatsu-icon-shortcode align-none tatsu-fqvdui6o7oat3mpj   \"><style>.tatsu-fqvdui6o7oat3mpj .tatsu-icon{color: rgba(245,166,35,1) ;}<\/style><a href=\"#\"  class=\"tatsu-icon-wrap plain  tatsu-animate    \" data-animation=\"fadeInDown\"   aria-label=\"icon-facebook\" data-gdpr-atts={}   ><i class=\"tatsu-icon tatsu-custom-icon tatsu-custom-icon-class icon-facebook large plain\"><\/i><\/a><\/div><div  class=\"tatsu-module tatsu-inline-text clearfix tatsu-fqvdui6o8va9zohe   \" data-animation=\"fadeIn\"  ><style>.tatsu-fqvdui6o8va9zohe.tatsu-inline-text{margin: 0px 0px 0px 0px;}.tatsu-fqvdui6o8va9zohe .tatsu-inline-text-inner{width: 100%;}<\/style><div class=\"tatsu-inline-text-inner \">\n<h6 style=\"text-align: left;\">Facebook<\/h6>\n<p style=\"text-align: left;\">Folgt uns auf facebook unter:<br \/> <a href=\"https:\/\/de-de.facebook.com\/maendigsmusik\/\">https:\/\/de-de.facebook.com\/maendigsmusik\/<\/a><\/p>\n<\/div><\/div><\/div><\/div><div class = \"tatsu-column-bg-image-wrap\"><div class = \"tatsu-column-bg-image\" ><\/div><\/div><\/div><style>.tatsu-fqvdui6o79adajjg.tatsu-column > .tatsu-column-inner > .tatsu-column-pad-wrap > .tatsu-column-pad{padding: 0px 0px 0px 0px;}.tatsu-fqvdui6o79adajjg.tatsu-column > .tatsu-column-inner > .tatsu-column-overlay{mix-blend-mode: none;}.tatsu-fqvdui6o79adajjg > .tatsu-column-inner > .tatsu-top-divider{z-index: 9999;}.tatsu-fqvdui6o79adajjg > .tatsu-column-inner > .tatsu-bottom-divider{z-index: 9999;}.tatsu-fqvdui6o79adajjg > .tatsu-column-inner > .tatsu-left-divider{z-index: 9999;}.tatsu-fqvdui6o79adajjg > .tatsu-column-inner > .tatsu-right-divider{z-index: 9999;}.tatsu-fqvdui6o79adajjg.tatsu-column{transform: translate3d(0px,0px, 0);}<\/style><\/div><div  class=\"tatsu-column  tatsu-column-no-bg tatsu-one-third tatsu-column-image- tatsu-column-effect-  tatsu-fqvdui6o9z988vu1\" data-animation=\"fadeIn\"   data-parallax-speed=\"0\" style=\"\"><div class=\"tatsu-column-inner \" ><div class=\"tatsu-column-pad-wrap\"><div class=\"tatsu-column-pad\" ><div  class=\"tatsu-module tatsu-normal-icon tatsu-icon-shortcode align-none tatsu-fqvdui6oafqa6sc   \"><style>.tatsu-fqvdui6oafqa6sc .tatsu-icon{color: rgba(245,166,35,1) ;}<\/style><a href=\"#\"  class=\"tatsu-icon-wrap plain  tatsu-animate    \" data-animation=\"fadeInDown\"   aria-label=\"icon-magnifying-glass\" data-gdpr-atts={}   ><i class=\"tatsu-icon tatsu-custom-icon tatsu-custom-icon-class icon-magnifying-glass large plain\"><\/i><\/a><\/div><div  class=\"tatsu-module tatsu-inline-text clearfix tatsu-fqvdui6oc41tmkby   \" data-animation=\"fadeIn\"  ><style>.tatsu-fqvdui6oc41tmkby.tatsu-inline-text{margin: 0px 0px 0px 0px;}.tatsu-fqvdui6oc41tmkby .tatsu-inline-text-inner{width: 100%;}<\/style><div class=\"tatsu-inline-text-inner \">\n<h6 style=\"text-align: left;\">Impressum<\/h6>\n<p>Unter nachfolgendem Link findet Ihr alles rund um das Thema <a href=\"?page_id=4059\">Impressum und Datenschutz.<\/a><\/p>\n<\/div><\/div><\/div><\/div><div class = \"tatsu-column-bg-image-wrap\"><div class = \"tatsu-column-bg-image\" ><\/div><\/div><\/div><style>.tatsu-fqvdui6o9z988vu1.tatsu-column > .tatsu-column-inner > .tatsu-column-pad-wrap > .tatsu-column-pad{padding: 0px 0px 0px 0px;}.tatsu-fqvdui6o9z988vu1.tatsu-column > .tatsu-column-inner > .tatsu-column-overlay{mix-blend-mode: none;}.tatsu-fqvdui6o9z988vu1 > .tatsu-column-inner > .tatsu-top-divider{z-index: 9999;}.tatsu-fqvdui6o9z988vu1 > .tatsu-column-inner > .tatsu-bottom-divider{z-index: 9999;}.tatsu-fqvdui6o9z988vu1 > .tatsu-column-inner > .tatsu-left-divider{z-index: 9999;}.tatsu-fqvdui6o9z988vu1 > .tatsu-column-inner > .tatsu-right-divider{z-index: 9999;}.tatsu-fqvdui6o9z988vu1.tatsu-column{transform: translate3d(0px,0px, 0);}<\/style><\/div><\/div><\/div><\/div><div class=\"tatsu-section-background-wrap\"><div class = \"tatsu-section-background\" ><\/div><\/div><style>.tatsu-fqvdui6o2qfq2rbk.tatsu-section{background-color: rgba(239,239,239,1);margin: 0px 0px 0px 0px;}.tatsu-fqvdui6o2qfq2rbk .tatsu-section-pad{padding: 90px 0px 90px 0px;}.tatsu-fqvdui6o2qfq2rbk > .tatsu-bottom-divider{z-index: 9999;}.tatsu-fqvdui6o2qfq2rbk > .tatsu-top-divider{z-index: 9999;}<\/style><\/div>\n","protected":false},"excerpt":{"rendered":"<p><a href=\"http:\/\/maendigsmusik.de\/?page_id=3951\" class=\"more-link style1-button\">Weiterlesen<\/a><\/p>","protected":false},"author":1,"featured_media":0,"parent":0,"menu_order":0,"comment_status":"closed","ping_status":"closed","template":"","meta":[],"_links":{"self":[{"href":"http:\/\/maendigsmusik.de\/index.php?rest_route=\/wp\/v2\/pages\/3951"}],"collection":[{"href":"http:\/\/maendigsmusik.de\/index.php?rest_route=\/wp\/v2\/pages"}],"about":[{"href":"http:\/\/maendigsmusik.de\/index.php?rest_route=\/wp\/v2\/types\/page"}],"author":[{"embeddable":true,"href":"http:\/\/maendigsmusik.de\/index.php?rest_route=\/wp\/v2\/users\/1"}],"replies":[{"embeddable":true,"href":"http:\/\/maendigsmusik.de\/index.php?rest_route=%2Fwp%2Fv2%2Fcomments&post=3951"}],"version-history":[{"count":28,"href":"http:\/\/maendigsmusik.de\/index.php?rest_route=\/wp\/v2\/pages\/3951\/revisions"}],"predecessor-version":[{"id":4134,"href":"http:\/\/maendigsmusik.de\/index.php?rest_route=\/wp\/v2\/pages\/3951\/revisions\/4134"}],"wp:attachment":[{"href":"http:\/\/maendigsmusik.de\/index.php?rest_route=%2Fwp%2Fv2%2Fmedia&parent=3951"}],"curies":[{"name":"wp","href":"https:\/\/api.w.org\/{rel}","templated":true}]}}